78?
2930ca
In base 8, what is -3051544200 + 5?
-3051544173
In base 13, what is 9358983 + 3?
9358986
In base 6, what is -1550343500 + 2?
-1550343454
In base 5, what is 204341 + 21032440?
21242331
In base 6, what is -42043 - 34114?
-120201
In base 10, what is 5 - -103586884?
103586889
In base 15, what is 15db - 322?
12b9
In base 3, what is 220 - -121110222222002?
121110222222222
In base 6, what is 14501510405 + -2?
14501510403
In base 16, what is 71f8ad + -3?
71f8aa
In base 6, what is -14444321225 + -4?
-14444321233
In base 11, what is -1 - 46302706?
-46302707
In base 8, what is 1410 - -14062?
15472
In base 13, what is -208 + -c78a?
-c995
In base 12, what is 4776b6b + 22?
4776b91
In base 3, what is 12120101021 - -102120?
12120210211
In base 16, what is 3 + -8f8f517?
-8f8f514
In base 13, what is 2235 + 4a2?
2707
In base 16, what is -47f31 + f?
-47f22
In base 11, what is -103 - -2a79504?
2a79401
In base 15, what is -4 + -244c448?
-244c44c
In base 8, what is 111 + -5114130?
-5114017
In base 11, what is 15 - -389989?
3899a3
In base 10, what is -6 + -7157884?
-7157890
In base 10, what is -1178 - -81772?
80594
In base 8, what is -77332262 + 5?
-77332255
In base 13, what is -2894b + -7484?
-33102
In base 6, what is 410352004 + -121?
410351443
In base 5, what is 23402 + 4011044?
4040001
In base 15, what is 5bc + -e54d?
-de81
In base 6, what is -2500320 + -31043?
-2531403
In base 2, what is 11011111 + 1000110101100100000?
1000110101111111111
In base 15, what is 1a4ac - 1182?
1932a
In base 7, what is 3 - 1064664013?
-1064664010
In base 3, what is 21011110 + -10012110?
10222000
In base 3, what is -12112002 - -220021110?
200202101
In base 11, what is -695 - 274725?
-27530a
In base 2, what is -110000110100 - -11110111100000?
11000110101100
In base 5, what is -11310333140 - 32?
-11310333222
In base 16, what is -13a - -135?
-5
In base 3, what is 2221021201 - -10222?
2221102200
In base 4, what is 11 + -2020332003110?
-2020332003033
In base 3, what is -20220211002 - -22001?
-20220112001
In base 7, what is -203266 - 1550?
-205146
In base 16, what is cb8e + 76e?
d2fc
In base 2, what is 1000111101100 + 11000000001101?
100000111111001
In base 5, what is 100423321 - -1401?
100430222
In base 14, what is b3bc25 - 3?
b3bc22
In base 16, what is 5ec59 + -1e?
5ec3b
In base 4, what is 12021113031222 - -11?
12021113031233
In base 14, what is 34d + -13d53?
-13a04
In base 3, what is 102201112 - 1120100002?
-1010121120
In base 10, what is -4 + 4280321?
4280317
In base 8, what is -32 + 6510417?
6510365
In base 11, what is 624346 + -3?
624343
In base 8, what is 64 + -70275?
-70211
In base 15, what is 3 + 12c9e9e?
12c9ea2
In base 8, what is -1 + -270774356?
-270774357
In base 13, what is -b33b4 - 9c?
-b3483
In base 2, what is 1100111010010000010011 + 1?
1100111010010000010100
In base 12, what is -60252 - -85?
-60189
In base 9, what is -54272 + -125?
-54407
In base 2, what is -100101100101101111001100 + 1?
-100101100101101111001011
In base 13, what is -2a - -55032?
55005
In base 11, what is -3083a572 - 2?
-3083a574
In base 9, what is -2 + -6262154?
-6262156
In base 2, what is 11 - 1001110101010101100?
-1001110101010101001
In base 6, what is 2323142 + -4030?
2315112
In base 10, what is 4 - 184278?
-184274
In base 12, what is -a5 - -66698?
665b3
In base 13, what is a9a01 - 64?
a996a
In base 10, what is -3208088 + -5?
-3208093
In base 3, what is -101 - 201022220112?
-201022220220
In base 12, what is -38 + -10?
-48
In base 2, what is -1001010011001010100101100101 - 0?
-1001010011001010100101100101
In base 7, what is -4 - -1412046055?
1412046051
In base 16, what is 4 + 63b92?
63b96
In base 4, what is 1331313330 - 103012?
1331210312
In base 8, what is -4031114 - 223?
-4031337
In base 3, what is -21122 - 2201001120220?
-2201001212112
In base 9, what is 4 + -10265445?
-10265441
In base 15, what is 27 - 856de?
-856b7
In base 14, what is -81 + -36018?
-36099
In base 10, what is 23980358 - 0?
23980358
In base 3, what is 210002122120 - 121?
210002121222
In base 7, what is -3 - 464014450?
-464014453
In base 2, what is 1000001001011 + -101110001101000?
-100110000011101
In base 16, what is 3 - 1aaf80?
-1aaf7d
In base 11, what is -47a896 - -8?
-47a889
In base 5, what is 22321034034 + -2?
22321034032
In base 7, what is -12360062 + -113?
-12360205
In base 2, what is -11000111101101100011 + 100100?
-11000111101100111111
In base 6, what is 11321355004 + 1?
11321355005
In base 3, what is -1121100221 - 100100100?
-1221201021
In base 10, what is -324 + 64751?
64427
In base 12, what is -191b26 - 165?
-19208b
In base 3, what is 21012110010002 - 10011?
21012102222221
In base 6, what is -32 + 34202125?
34202053
In base 12, what is -431 + -920812?
-921043
In base 12, what is 75a - 6021b?
-5b681
In base 12, what is -3 - 3b27b449?
-3b27b450
In base 8, what is -221663213 + -2?
-221663215
In base 8, what is -14 - 2477355?
-2477371
In base 13, what is 1 + 14c9c2?
14c9c3
In base 4, what is 211 - -2112222201?
2112223012
In base 14, what is -1b8511 + 5?
-1b850a
In base 13, what is 188b6c2 - 1?
188b6c1
In base 8, what is -4025674 - -13?
-4025661
In base 3, what is -10 - -1202021200121021?
1202021200121011
In base 7, what is -1 - -45426226?
45426225
In base 2, what is -1001111 - -100001001000010001000?
100001001000000111001
In base 6, what is 0 + -2240110?
-2240110
In base 7, what is -21150 - 11630?
-33110
In base 5, what is 3123344 + 1331?
3130230
In base 12, what is 2 + -3009629?
-3009627
In base 13, what is -b5b - -411cb?
40370
In base 12, what is -973 + 13a81?
1310a
In base 9, what is 23 + 87368672?
87368705
In base 10, what is -1 - -1618905?
1618904
In base 16, what is 56fe - -e2b?
6529
In base 12, what is 64314 - -4?
64318
In base 13, what is -1 + -48c84c36?
-48c84c37
In base 7, what is 2133602 + -16?
2133553
In base 3, what is 2010002201211 + 1112?
2010002210100
In base 2, what is -110011000011000011111 - -10100?
-110011000011000001011
In base 12, what is 14 - 51b7440?
-51b7428
In base 7, what is 130 - 1325534?
-1325404
In base 16, what is -1dd + 2e9?
10c
In base 3, what is -1000 + -20200222022121?
-20200222100121
In base 14, what is -c832c + -17?
-c8345
In base 13, what is -64c + -151cb?
-1584a
In base 4, what is -333330313 + 202?
-333330111
In base 13, what is 22b6 - -1a197?
1c480
In base 7, what is 1343054503 - 1?
1343054502
In base 12, what is 401a96a + 2?
401a970
In base 2, what is 110100111001001010110 - -111?
110100111001001011101
In base 5, what is 2433340 - -1402?
2440242
In base 11, what is 3757 - 1a5090?
-1a1434
In base 16, what is 3 + 379682?
379685
In base 5, what is 43113 + -231341?
-133223
In base 6, what is -133411 + -325?
-134140
In base 15, what is -a5ac875 + 4?
-a5ac871
In base 8, what is -553 + -154604?
-155357
In base 6, what is -22241 + -532?
-23213
In base 12, what is -1b6 - -796b8a?
796994
In base 11, what is 9078444 + 1?
9078445
In base 7, what is -60066235 - 5?
-60066243
In base 13, what is -2753458 + 6?
-2753452
In base 12, what is -6 - -1169039?
1169033
In base 5, what is 1321 + 331201132?
331203003
In base 12, what is 17a34a833 - -3?
17a34a836
In base 9, what is -563775 + -446?
-564332
In base 3, what is -20 + 1212122000102220?
1212122000102200
In base 10, what is 5 + 7951629?
7951634
In base 16, what is -1df - -1942?
1763
In base 4, what is -12 + 102113332221?
102113332203
In base 15, what is 1 + b74540?
b74541
In base 9, what is 11180613 - 0?
11180613
In base 3, what is 10 + -11110111201?
-11110111121
In base 2, what is -101 - 1001001001001000001?
-1001001001001000110
In base 5, what is -1220243 - 110?
-1220403
In base 3, what is 0 - 11112210100220011?
-11112210100220011
In base 7, what is -53125 + -163111?
-246236
In base 14, what is d + -2108b9?
-2108aa
In base 5, what is 24340021 + -4314?
24330202
In base 6, what is -54 - -4213331?
4213233
In base 13, what is 437 - 49a1?
-4567
In base 13, what is -26a59 - -1c35?
-24b24
In base 2, what is 110 + 111011010001100?
111011010010010
In base 3, what is 202000 - 1012112200202?
-1012111221202
In base 7, what is -12 + -26514534?
-26514546
In base 13, what is 17b + -9917?
-9769
In base 4, what is -3333221 + 10310?
-3322311
In base 16, what is 33 + -23fc30?
-23fbfd
In base 14, what is -c5dd30 - -1?
-c5dd2d
In base 6, what is -3311420535